{"id":4079,"date":"2020-07-29T17:05:28","date_gmt":"2020-07-29T15:05:28","guid":{"rendered":"http:\/\/nmrii.nl\/?page_id=4079"},"modified":"2021-01-20T10:44:11","modified_gmt":"2021-01-20T09:44:11","slug":"n-mriis-online-academy","status":"publish","type":"page","link":"https:\/\/nmrii.nl\/?page_id=4079","title":{"rendered":"N-Mrii&#8217;s  Online Academy"},"content":{"rendered":"\n<hr class=\"wp-block-separator\"\/>\n\n\n\n<p><em>Samen met je collega\u2019s aan de slag? Kort en krachtig ontwikkelen als team of organisatie? En ruimte voor een goede discussie en dialoog?<\/em><\/p>\n\n\n\n<p>Met de online trainingen van <strong>N-Mrii Stress &amp; Performance Solutions<\/strong> kun je als team leren en ontwikkelen! De trainingen bieden niet alleen handvatten en technieken om individueel te verbeteren. Ook zorgen deze trainingen ervoor dat de huidige manier van (samen)werken inzichtelijk wordt. Deze  inzichten kunnen vervolgens leiden tot nieuwe samenwerkingsafspraken of het effectiever indelen van taken en tijd. <\/p>\n\n\n\n<p>N-Mrii&#8217;s Online Academy biedt naast maatwerk vier online trainingen aan. Het gaat om korte trajecten van elk zes weken met wekelijkse sessies van 1,5 tot 2 uur. Online, live \u00e9n incompany trainingen voor (management)teams. Geen zelfstudieprogramma&#8217;s maar als team of organisatie gezamenlijk ontwikkelen. Om de inhoud van de training optimaal te benutten, wordt gewerkt met groepen van 6 tot 10 deelnemers. De trainingen worden ondersteund door een online leeromgeving op  <a href=\"http:\/\/www.minderstressophetwerk.online\">www.minderstressophetwerk.online<\/a>.<\/p>\n\n\n\n<hr class=\"wp-block-separator\"\/>\n\n\n\n<div class=\"wp-block-image\"><figure class=\"aligncenter is-resized\"><img loading=\"lazy\" decoding=\"async\" src=\"http:\/\/www.minderstressophetwerk.nl\/.cm4all\/uproc.php\/0\/.N-Mrii%20logo%20PNG%20met%20BG%20zonder%20ondertekst.png\/picture-1200?_=1645ac71978\" alt=\"\" width=\"342\" height=\"144\" title=\"\"\/><\/figure><\/div>\n\n\n\n<h4 class=\"has-text-align-center has-text-color wp-block-heading\" style=\"color:#0094df\"><a href=\"http:\/\/minderstressophetwerk.online\"><\/a><a href=\"http:\/\/minderstressophetwerk.online\/\" target=\"_blank\" rel=\"noreferrer noopener\">N-Mrii&#8217;s Online Academy<\/a><\/h4>\n\n\n\n<hr class=\"wp-block-separator\"\/>\n\n\n\n<h4 class=\"has-text-color wp-block-heading\" style=\"color:#a5780b\"><strong>Aanbod online trainingen<\/strong><\/h4>\n\n\n\n<ul class=\"wp-block-list\"><li>Training <em>\u2018Jongleren met taken en tijd\u2019<\/em><\/li><li>Training <em>\u2018Flow op je werk\u2019<\/em> <\/li><li>Training <em>\u2018Effectief communiceren op het werk\u2019<\/em> <\/li><li>Training <em>\u2018Positief omgaan met verandering, tegenslag en negativiteit\u2019<\/em><\/li><\/ul>\n\n\n\n<hr class=\"wp-block-separator\"\/>\n\n\n\n<h4 class=\"has-text-color wp-block-heading\" style=\"color:#a5780b\"><strong>1. Online training \u2018Jongleren met taken en tijd\u2019<\/strong><\/h4>\n\n\n\n<p><em>Hoe reageer je als je het overzicht over je werk dreigt te verliezen? Wat doe je met een overvolle mailbox aan het einde van je werkdag? Hoe ga je om met collega\u2019s die je storen met vragen waar je helemaal geen tijd voor hebt? Hoe zorg je dat je niet achter de feiten blijft aanlopen en daardoor deadlines niet kan halen?&nbsp;&nbsp;<\/em><\/p>\n\n\n\n<p>Tijdens deze interactieve training ga je aan de slag met verschillende technieken waarmee je met de juiste focus werkt, continu overzicht hebt en de perfecte structuur leert hanteren. Daardoor kun je effectiever doelen bereiken, taken effici\u00ebnter wegwerken en meer energie overhouden.&nbsp;&nbsp;<\/p>\n\n\n\n<p><strong>Elementen van de zes onlinetrainingen van 2 uur zijn:<\/strong><\/p>\n\n\n\n<ol class=\"wp-block-list\" type=\"1\"><li><em>Tijdverspillers en stoorzenders managen: <\/em>Assertief aan de slag!<\/li><li><em>In drie stappen je aandacht managen: <\/em>Begin met focusmanagement!<\/li><li><em>De Eisenhouwer-matrix: <\/em>Stel krachtig prioriteiten!<\/li><li><em>Planmatige taken scheiden van routinematige klussen: <\/em>Start met methodisch werken!<\/li><li><em>Overzicht op elk moment: <\/em>Leer de kunst van het plannen en organiseren!<\/li><li><em>Zet alles uit je hoofd: <\/em>Hanteer slimme tools van een perfect workflow systeem!<\/li><\/ol>\n\n\n\n<p><em>E-mailmanagement: <\/em>Eindig elke dag met een lege inbox!<\/p>\n\n\n\n<p>Voorafgaand aan de eerste training ontvangen de deelnemers een korte test waarin hun effici\u00ebntie en effectiviteit wordt gemeten. Daarnaast worden voor en na elke training checklists en uitdelers met verschillende oefeningen gemaild. De theorie en oefeningen zijn ook terug te vinden in de online interactieve leeromgeving www.minderstressophetwerk.online. Aan het einde van de training heeft de deelnemer een complete toolkit met praktische tools en tips.<\/p>\n\n\n\n<hr class=\"wp-block-separator\"\/>\n\n\n\n<h4 class=\"has-text-color wp-block-heading\" style=\"color:#a5780b\"><strong>2. Online training \u2018Flow op je werk\u2019<\/strong><\/h4>\n\n\n\n<p><em>Wat doe je als je te veel op je bordje hebt liggen? Hoe reageer je als je chaos in plaats van grip ervaart? Wat is het effect op anderen als jij gejaagd of onrustig bent? Hoe ga je om met werkdruk en stress? Wanneer krijg je energie uit je werk?<\/em><\/p>\n\n\n\n<p>Tijdens deze interactieve training ga je aan de slag met jouw persoonlijke stress- en energiebronnen en krijg je concrete tips om direct balans aan te brengen in jouw hectische levens- en werkstijl.<\/p>\n\n\n\n<p><strong>Elementen van de zes onlinetrainingen van 1,5 tot 2 uur zijn:<\/strong><\/p>\n\n\n\n<ol class=\"wp-block-list\" type=\"1\"><li><em>Wanneer ervaar jij flow en stress?<\/em> &#8211; Stressbronnen in beeld brengen met de <strong>Work\/Flow-Scan<\/strong>!<\/li><li><em>Welk stresstype ben jij?<\/em> &#8211; Specifieke tips passend bij jouw stresstype!<\/li><li><em>In welke stresscirkel zit jij? <\/em>&#8211; Emotieregulatie systemen in balans brengen!<\/li><li><em>Hoe kun jij flow in je werk vergroten?<\/em> &#8211; <em>(1)<\/em> Overzicht en energie bevorderen!<\/li><li><em>Hoe kun jij flow in je werk vergroten?<\/em> &#8211; <em>(2)<\/em> Sociale steun en talenten benutten!<\/li><li><em>Wat betekent flow in je werk voor jou?<\/em> &#8211; Flow op je werk in de praktijk toepassen!<em> \u00a0\u00a0<\/em><\/li><\/ol>\n\n\n\n<p>Voorafgaand aan de eerste training ontvangen de deelnemers de <strong>Work\/Flow-Scan<\/strong> om in te vullen. De resultaten ontvangen de deelnemers individueel en persoonlijk van de trainer. De scan wordt gedurende de training als leidraad gebruikt en aangevuld door de deelnemers. Daarnaast worden voor en na elke training uitdelers met verschillende oefeningen gemaild. <a>De theorie en oefeningen zijn ook terug te vinden in de online interactieve leeromgeving www.minderstressophetwerk.online. <\/a>Aan het einde van de training heeft de deelnemer een complete toolbox met praktische tips en handvatten die in een persoonlijk plan van aanpak zijn vertaald.\u00a0<\/p>\n\n\n\n<hr class=\"wp-block-separator\"\/>\n\n\n\n<h4 class=\"has-text-color wp-block-heading\" style=\"color:#a5780b\"><strong>3. Online training \u2018Effectief communiceren op het werk\u2019<\/strong><\/h4>\n\n\n\n<p>Hoe geef je feedback aan die collega die de klant veel te uitgebreid te woord staat en niet ziet dat de klant afgehaakt is? Hoe reageer je op onterechte kritiek van je baas? Hoe zorg je dat jouw boodschap helder overkomt \u00e9n ernaar geluisterd wordt? Wat doe je met een vriendin die blijft hameren op details en emotioneel oude koeien uit de sloot blijft halen? Hoe geef je vriendelijk en duidelijk aan dat je die extra klus niet gaat doen?<\/p>\n\n\n\n<p>Tijdens deze interactieve training ga je aan de slag met verschillende communicatietechnieken waarbij je leert aan te sluiten op de ander \u00e9n jouw boodschap overtuigend overbrengt.<\/p>\n\n\n\n<p><strong>Elementen van de zes onlinetrainingen van 2 uur zijn:<\/strong><\/p>\n\n\n\n<ol class=\"wp-block-list\" type=\"1\"><li><em>Basispatronen bij communicatie onder druk<\/em> &#8211; Vastlopende communicatie verkennen!<\/li><li><em>De kracht van effectief incasseren <\/em>&#8211; Optimaal aansluiten bij weerstand, kritiek of feedback!<\/li><li><em>De roos van Leary in de praktijk<\/em> &#8211; Voorspelbaar interveni\u00ebren!<\/li><li><em>De basis van feedback<\/em> &#8211; Feitelijk feedback geven!<\/li><li><em>Flexibel hanteren van invloedstijlen &#8211;<\/em> Jouw boodschap of standpunt overtuigend uiteenzetten!<\/li><li><em>Heldere grenzen stellen &#8211;<\/em> Opkomen voor jouw belangen \u00e9n een goed contact houden!<\/li><\/ol>\n\n\n\n<p>Voorafgaand aan de eerste training ontvangen de deelnemers een test waaruit de individuele conflict\/assertiviteitsstijl blijkt. Daarnaast worden voor en na elke training checklists en uitdelers met verschillende oefeningen gemaild. De theorie en oefeningen zijn ook terug te vinden in de online interactieve leeromgeving www.minderstressophetwerk.online. Aan het einde van de training heeft de deelnemer een complete toolbox met heldere checklists.<\/p>\n\n\n\n<hr class=\"wp-block-separator\"\/>\n\n\n\n<h4 class=\"has-text-color wp-block-heading\" style=\"color:#a5780b\"><strong>4. Online training \u2018Positief omgaan met verandering, tegenslag en negativiteit\u2019<\/strong><\/h4>\n\n\n\n<p>Hoe blijf je positief als de zoveelste verandering op je afkomt? Hoe ga je om met tegenslag die je leven op zijn kop lijkt te zetten? Hoe ga je om met negatieve gedachten doordat je geneigd bent om alles door een donkere bril te bekijken?<\/p>\n\n\n\n<p>Tijdens deze interactieve training ga je aan de slag met verschillende technieken om positiever te leren omgaan met veranderingen, tegenslagen en negativiteit in je leven.<\/p>\n\n\n\n<p><strong>Elementen van de zes onlinetrainingen van 1,5 uur zijn:<\/strong><\/p>\n\n\n\n<ol class=\"wp-block-list\" type=\"1\"><li><em>Ben jij je bewust van jouw mindset?<\/em> &#8211; De knop naar positieve emoties omzetten met de Built-and-Broaden-theorie!<\/li><li><em>Hoe vriendelijk ben jij voor jezelf?<\/em> &#8211; Emotieregulatiesystemen in balans brengen!<\/li><li><em>Hoe optimistisch blijf jij bij tegenslag?<\/em> &#8211; Een optimistische attributiestijl aannemen!<\/li><li><em>Hoe kun je genieten van elk moment?<\/em> &#8211; De bouwstenen van geluk toepassen!<\/li><li><em>Hoe motiveer jij jezelf?<\/em> &#8211; Jouw psychologische basisbehoeften ontdekken!<\/li><li><em>Hoe hoopvol ga jij jouw toekomst tegemoet?<\/em> &#8211; Hoop omzetten in een reis!<\/li><\/ol>\n\n\n\n<p>Voorafgaand aan de eerste training ontvangen de deelnemers een aantal <strong>korte zelfevaluatie-lijsten<\/strong> om in te vullen. Daarnaast worden voor en na elke training uitdelers met verschillende oefeningen gemaild. De theorie en oefeningen zijn ook terug te vinden in de online interactieve leeromgeving www.minderstressophetwerk.online. Aan het einde van de training heeft de deelnemer een complete toolbox met praktische tips en handvatten ook erna te gebruiken.\u00a0<\/p>\n\n\n\n<hr class=\"wp-block-separator\"\/>\n\n\n\n<h4 class=\"has-text-color wp-block-heading\" style=\"color:#a5780b\"><strong>Blended learning<\/strong><\/h4>\n\n\n\n<p>Blended learning is een vorm van training waarbij verschillende leervormen in \u00e9\u00e9n training gemengd worden aangeboden. Hierbij kun je denken aan groepsbijeenkomsten, online bijeenkomsten, webinars, kennissessies, filmpjes, e-learnings, \u00e9\u00e9n op \u00e9\u00e9n coaching, verdiepingsopdrachten, peer-opdrachten etc.<\/p>\n\n\n\n<p>Het voordeel van blended learning is dat iedereen op zijn eigen manier kennis kan verwerven en vaardigheden kan ontwikkelen. Door de vari\u00ebteit is het ook een uitdagende en afwisselende leermethode. Onderdelen kunnen op eigen locatie worden gevolgd.<\/p>\n\n\n\n<hr class=\"wp-block-separator\"\/>\n\n\n\n<p><strong>Wil je informatie over incompany &#8216;Blended Learning Trainingen&#8217; kijk op <a rel=\"noreferrer noopener\" href=\"http:\/\/minderstressophetwerk.online\/\" target=\"_blank\">www.minderstressophetwerk.online<\/a> of neem contact op.<\/strong><\/p>\n\n\n\n<p><strong>Kijk op <a rel=\"noreferrer noopener\" href=\"http:\/\/www.minderstressophetwerk.nl\/Home\/\" target=\"_blank\">www.minderstressophetwerk.nl<\/a> voor incompancy training en coaching!<\/strong><\/p>\n\n\n\n<hr class=\"wp-block-separator\"\/>\n\n\n\n<h6 class=\"wp-block-heading\">Neem contact op voor een vrijblijvend kennismakingsgesprek!<\/h6>\n\n\n<div class=\"wp-block-jetpack-contact-form is-layout-flex wp-container-jetpack-contact-form-is-layout-2b4208ba wp-block-jetpack-contact-form-is-layout-flex\"><a href=\"https:\/\/nmrii.nl\/?page_id=4079\" target=\"_blank\" rel=\"noopener noreferrer\">Een formulier indienen.<\/a><\/div>","protected":false},"excerpt":{"rendered":"<p>Samen met je collega\u2019s aan de slag? Kort en krachtig ontwikkelen als team of organisatie? En ruimte voor een goede<\/p>\n","protected":false},"author":1,"featured_media":3777,"parent":0,"menu_order":0,"comment_status":"closed","ping_status":"closed","template":"","meta":{"colormag_page_container_layout":"default_layout","colormag_page_sidebar_layout":"default_layout","jetpack_post_was_ever_published":false,"footnotes":""},"class_list":["post-4079","page","type-page","status-publish","has-post-thumbnail","hentry"],"jetpack_shortlink":"https:\/\/wp.me\/P7Lgvc-13N","jetpack_likes_enabled":true,"jetpack_sharing_enabled":true,"jetpack-related-posts":[{"id":4082,"url":"https:\/\/nmrii.nl\/?page_id=4082","url_meta":{"origin":4079,"position":0},"title":"N-Mrii Stress &#038; Performance Solutions","author":"N-Mrii","date":"29 juli 2020","format":false,"excerpt":"Elke dag een klein beetje minder stress... Leiderschap Een effectief leider verdient het respect van, cre\u00ebert vertrouwen bij en biedt sociale steun aan de\u00a0 medewerkers. En stelt ook heldere grenzen. Leiderschap omvat drie aspecten. Allereerst\u00a0 sturend leiderschap waarin visie en doelen voorop staan. Dit is al het taakgerichte gedrag van\u2026","rel":"","context":"Soortgelijk bericht","block_context":{"text":"Soortgelijk bericht","link":""},"img":{"alt_text":"","src":"https:\/\/i0.wp.com\/nmrii.nl\/wp-content\/uploads\/2020\/07\/afbeelding-website-2-2.jpg?fit=1200%2C413&ssl=1&resize=350%2C200","width":350,"height":200,"srcset":"https:\/\/i0.wp.com\/nmrii.nl\/wp-content\/uploads\/2020\/07\/afbeelding-website-2-2.jpg?fit=1200%2C413&ssl=1&resize=350%2C200 1x, https:\/\/i0.wp.com\/nmrii.nl\/wp-content\/uploads\/2020\/07\/afbeelding-website-2-2.jpg?fit=1200%2C413&ssl=1&resize=525%2C300 1.5x, https:\/\/i0.wp.com\/nmrii.nl\/wp-content\/uploads\/2020\/07\/afbeelding-website-2-2.jpg?fit=1200%2C413&ssl=1&resize=700%2C400 2x, https:\/\/i0.wp.com\/nmrii.nl\/wp-content\/uploads\/2020\/07\/afbeelding-website-2-2.jpg?fit=1200%2C413&ssl=1&resize=1050%2C600 3x"},"classes":[]},{"id":4069,"url":"https:\/\/nmrii.nl\/?page_id=4069","url_meta":{"origin":4079,"position":1},"title":"N-Mrii","author":"N-Mrii","date":"29 juli 2020","format":false,"excerpt":"Mijn missie 'Elke dag een klein beetje minder stress op het werk...!' N-Mrii alias Anne-Marie In mijn loopbaan als manager heb ik ervaren dat de focus van mijn functie lag op\u00a0het neerzetten van financi\u00eble resultaten,\u00a0het borgen van kwaliteit\u00a0en het motiveren van medewerkers. Samenwerking, welbevinden en veerkracht stonden, en staan ook\u2026","rel":"","context":"Soortgelijk bericht","block_context":{"text":"Soortgelijk bericht","link":""},"img":{"alt_text":"","src":"https:\/\/i0.wp.com\/nmrii.nl\/wp-content\/uploads\/2019\/08\/Achenkirch-1.jpg?resize=350%2C200&ssl=1","width":350,"height":200,"srcset":"https:\/\/i0.wp.com\/nmrii.nl\/wp-content\/uploads\/2019\/08\/Achenkirch-1.jpg?resize=350%2C200&ssl=1 1x, https:\/\/i0.wp.com\/nmrii.nl\/wp-content\/uploads\/2019\/08\/Achenkirch-1.jpg?resize=525%2C300&ssl=1 1.5x, https:\/\/i0.wp.com\/nmrii.nl\/wp-content\/uploads\/2019\/08\/Achenkirch-1.jpg?resize=700%2C400&ssl=1 2x, https:\/\/i0.wp.com\/nmrii.nl\/wp-content\/uploads\/2019\/08\/Achenkirch-1.jpg?resize=1050%2C600&ssl=1 3x, https:\/\/i0.wp.com\/nmrii.nl\/wp-content\/uploads\/2019\/08\/Achenkirch-1.jpg?resize=1400%2C800&ssl=1 4x"},"classes":[]},{"id":1352,"url":"https:\/\/nmrii.nl\/?page_id=1352","url_meta":{"origin":4079,"position":2},"title":"Privacy verklaring","author":"N-Mrii","date":"18 mei 2018","format":false,"excerpt":"Privacy verklaring van N-Mrii Stress & Performance Solutions Inleiding Deze verklaring is van toepassing op alle door N-Mrii Stress & Performance Solutions geleverde producten en diensten. N-Mrii Stress & Performance Solutions, gevestigd op de Vinkenweg 8, 6325 BB in Vilt\/Berg en Terblijt, is verantwoordelijk voor de verwerking van persoonsgegevens zoals\u2026","rel":"","context":"Soortgelijk bericht","block_context":{"text":"Soortgelijk bericht","link":""},"img":{"alt_text":"","src":"","width":0,"height":0},"classes":[]}],"_links":{"self":[{"href":"https:\/\/nmrii.nl\/index.php?rest_route=\/wp\/v2\/pages\/4079","targetHints":{"allow":["GET"]}}],"collection":[{"href":"https:\/\/nmrii.nl\/index.php?rest_route=\/wp\/v2\/pages"}],"about":[{"href":"https:\/\/nmrii.nl\/index.php?rest_route=\/wp\/v2\/types\/page"}],"author":[{"embeddable":true,"href":"https:\/\/nmrii.nl\/index.php?rest_route=\/wp\/v2\/users\/1"}],"replies":[{"embeddable":true,"href":"https:\/\/nmrii.nl\/index.php?rest_route=%2Fwp%2Fv2%2Fcomments&post=4079"}],"version-history":[{"count":11,"href":"https:\/\/nmrii.nl\/index.php?rest_route=\/wp\/v2\/pages\/4079\/revisions"}],"predecessor-version":[{"id":4642,"href":"https:\/\/nmrii.nl\/index.php?rest_route=\/wp\/v2\/pages\/4079\/revisions\/4642"}],"wp:featuredmedia":[{"embeddable":true,"href":"https:\/\/nmrii.nl\/index.php?rest_route=\/wp\/v2\/media\/3777"}],"wp:attachment":[{"href":"https:\/\/nmrii.nl\/index.php?rest_route=%2Fwp%2Fv2%2Fmedia&parent=4079"}],"curies":[{"name":"wp","href":"https:\/\/api.w.org\/{rel}","templated":true}]}}